of 2 + -4 + -2 - (5 + -11)?
2
9 + 0 + -3 - (-1 - -2)
5
(-3 - -10) + (-1 + 6 - 8)
4
Calculate 2 + (-1 - 3) - 1 - 0.
-3
Calculate -4 - (15 - 13) - (1 + -2).
-5
Evaluate 1 + (-2 - 1) - -1 - -5.
4
What is 1 + (-9 - -6) - 1?
-3
16 + -33 + 12 - (0 + -7)
2
Calculate 5 - 4 - ((4 - -3) + -1).
-5
-12 - (-11 - (-4 + -1))
-6
What is (0 - 3) + (5 - -1)?
3
What is the value of -6 + (2 - (-2 + 0 + -2))?
0
What is -7 - (-2 - ((4 - 4) + 4))?
-1
Calculate -3 + (-5 - 1) - -13.
4
Calculate -6 + 17 + -7 + 1 + 0.
5
What is the value of -3 + 3 + -1 + 0 + -4?
-5
What is -3 - (-9 + 2 + 4)?
0
What is the value of -6 + 1 + 56 + -49?
2
What is 0 + (-4 + 5 - -2) + 3?
6
What is the value of -6 + 8 - (-1 + 4)?
-1
What is 6 + (-7 - (-6 + 3) - -1)?
3
(-4 - -21) + -4 + -9 + 4
8
What is the value of 7 + -1 + (-5 - (-1 - 0))?
2
Calculate (3 - (10 + 5)) + 8.
-4
Evaluate 3 + 1 - (-2 - -8).
-2
Evaluate -1 - 0 - (3 + -3 + 1).
-2
What is 3 + (-7 - (-12 + 5))?
3
What is the value of (2 - -1) + (5 - 5) + -1?
2
Calculate (15 - -1) + -7 + -14.
-5
What is the value of 3 + (-1 - 4) + (-4 - 0)?
-6
What is 12 + -7 + -7 + 2?
0
What is the value of 0 + 3 + -4 + 16 + -21?
-6
Evaluate -1 + 2 + (-4 - -3) - 4.
-4
What is the value of 4 + -5 - (-1 - 0)?
0
Calculate 4 - (2 - -1) - (2 + -1).
0
What is the value of -6 + 6 + 13 + -12?
1
(4 - (5 - 12)) + -1 - 4
6
Evaluate -3 + -1 - (-20 - -12).
4
(0 - -1) + -2 - (4 - 3)
-2
What is -3 - (-1 + -2 - -3)?
-3
What is (-10 - (-9 - -4)) + 9?
4
-1 + (1 - 2 - -4) + 1
3
What is (7 - 12) + -1 + 2 + 0?
-4
What is -26 + 24 + 1 + -1?
-2
Calculate 106 + -108 - (-1 + (-2 - -6)).
-5
What is the value of 1 - (-5 + 4) - 3?
-1
What is 0 - -1 - (8 + -7)?
0
9 + -15 + (1 - -8)
3
What is -5 + 0 - (6 - 7)?
-4
Evaluate 2 + 4 - (0 - (-1 + 4)).
9
Calculate 5 + -4 + -5 + 0 + 2.
-2
Calculate 5 - (5 - 4) - 10.
-6
What is -11 + -1 + 6 + -8 + 7?
-7
What is -4 + (7 + -12 - -10)?
1
What is the value of -3 + (1 - 1) - -2?
-1
-23 + (14 - 13 - -11)
-11
What is the value of 1 + -5 + (-136 - -140)?
0
0 + (8 + -9 - -5)
4
What is the value of -3 - (-24 + -15 + 28)?
8
What is 8 - 15 - (-2 + -2)?
-3
Calculate 0 - (0 + -3) - (6 + -1).
-2
What is 3 - (6 + -13 + 16)?
-6
Calculate 1 - (-1 + 4) - -9.
7
10 + -10 + -5 + 12
7
-5 + (1 + 4 - 2)
-2
Evaluate 0 + (-2 - 0) + -3 + -1.
-6
(1 - 1) + (-4 - -9)
5
-26 + 21 + (-1 + 2 - 0)
-4
Evaluate -2 - (5 + (1 - 9) - -1).
0
What is the value of (-3 - (-3 - -2)) + 2?
0
What is (-4 - -8 - (3 - -2)) + -4?
-5
6 + 0 - (7 + -4)
3
Calculate 54 + -54 + (3 - (-1 - -3)).
1
2 - 7 - (3 + -3 - 2)
-3
0 + -3 + (-4 + 9 - 3)
-1
9 + -11 + 13 - 3
8
Calculate 6 + 6 - 4 - 0.
8
-3 + (-1 + 9 - (1 + 1))
3
What is 2 - 7 - (-8 + 5)?
-2
Calculate (2 - (2 + 1)) + -16 + 10.
-7
What is the value of -7 + -6 + 3 + (3 - -3)?
-4
Calculate 1 + 7 - (7 + (-1 - 3)).
5
Evaluate 22 - 10 - 13 - -6.
5
What is -11 - (7 + (1 - (-4 - -16)))?
-7
Evaluate (1 + 1 - 1) + (12 - 14).
-1
(3 - 6 - 0) + (6 - 6)
-3
What is the value of -2 + (7 - (3 + 5))?
-3
Evaluate (1 - -4) + (-4 - (-5 + 4)).
2
Calculate 15 - (-8 + 7) - 12.
4
(0 - (-7 + 5)) + 5
7
What is -7 + (3 - (4 + -3))?
-5
What is 3 - (-2 + (2 - 0)) - -1?
4
What is -9 + (1 - (-6 - (2 + -5)))?
-5
What is -4 - ((-13 - -6) + 3)?
0
Calculate (-23 - -18) + 3 + 3.
1
What is the value of ((10 - -3) + -5 - 15) + 18?
11
Calculate -92 + 99 - (-2 + 1 - 1).
9
Calculate (0 - -2 - 11) + 17.
8
(23 - 29) + 2 + -4
-8
What is -166 + 158 - (-4 + 1)?
-5
What is the value of -10 - (-7 + 8 + -18)?
7
-5 - (-6 + (3 - -2))
-4
What is -12 + 12 - (-1 - 2)?
3
What is -1 + 2 + 0 + -1 + -3?
-3
Evaluate -2 - 2 - -1 - -4.
1
Calculate -4 - (-6 - (-4 + 8)).
6
0 - (-3 - (4 + (-4 - 1)))
2
Evaluate -2 + 0 + -3 + 1.
-4
What is the value of (4 - 2) + (4 - 3 - 3)?
0
Evaluate 8 + 3 + -12 + -6 + 1.
-6
What is (-7 - (6 + -27 + -2)) + -7?
9
What is -15 + 11 + 1 + -3?
-6
What is the value of -55 + 64 - (-2 - -2)?
9
Calculate -3 + (2 - 3) + 3.
-1
Evaluate -11 - -6 - 16 - -11.
-10
What is 5 + -20 + -3 + 7?
-11
What is -2 + 0 + 1 + 4 + -4?
-1
64 + -75 + 1 + (3 - 1)
-8
4 + 0 - 4 - (0 - 2)
2
What is the value of -2 + 14 - (23 - 3)?
-8
Evaluate 8 + -22 + 12 + 0 + 5.
3
Calculate -6 + 1 - (0 + 0 + -2).
-3
What is 0 + 3 + -3 - (2 + 1)?
-3
What is the value of (-5 - 1) + (13 - 9) + -6?
-8
Evaluate 12 + (1 - (1 - (0 + -6))).
6
-5 + (-2 - -8) + -6
-5
2 + 6 + -4 + -5
-1
Calculate (1 - 1) + -291 + 289.
-2
What is the value of -2 - ((-4 - 2) + 2 + 0)?
2
Calculate -4 + (2 - 3 - -2) + 0.
-3
What is 0 - -3 - (2 + 1)?
0
Evaluate -3 - -6 - -2 - (-2 + 3).
4
What is (-31 - -31) + 3 + 1 + -1?
3
Calculate -8 - (-7 - -7) - -5.
-3
8 - (-8 - -13 - (3 + -1))
5
Evaluate -1 + -1 + (20 - 11 - 7).
0
What is 1 + -6 + (17 - 13) - -4?
3
What is the value of 1 - (-2 + 1) - (52 + -51)?
1
What is (2 - 4) + (0 - 3)?
-5
Calculate -2 - (10 - 3 - 7).
-2
What is -5 - (-11 + 9 - -3)?
-6
What is 5 + -11 - (-6 - (0 + -2))?
-2
3 + (-4 - -1) - 4
-4
Calculate 4 + -2 + 2 + -5.
-1
Evaluate -2 + -1 + 0 + 22 + -17.
2
Evaluate -7 - ((-12 - -12) + -10).
3
What is the value of (-5 - -9) + (-4 - -8) + -5?
3
What is 3 - -2 - (-6 + (13 - -4))?
-6
Calculate 3 + -5 + 5 + -2.
1
What is the value of 24 + -13 + -13 + 10?
8
Evaluate (-5 + -2 - -5) + 5.
3
Calculate (-1 - 1 - -11) + -5.
4
Evaluate (6 - 6 - -3) + -1.
2
What is the value of 11 + (2 - 7 - 2) + 3?
7
10 + -1 + 0 + -11 + 6
4
What is the value of 3 + 3 + -3 + -5 + 6?
4
Calculate 4 - (9 + 2 + -7).
0
(6 - 4) + -1 + -1
0
Evaluate 4 - (-7 + 9 + 2).
0
Evaluate -4 + 4 - (1 - -4).
-5
Evaluate -1 + -3 - (-11 + (-3 - -8)).
2
What is -8 + 8 + -2 - (2 + -5)?
1
Evaluate (1 - 4) + (0 - 5).
-8
What is the value of 5 + (-5 - -6 - 2)?
4
(13 - 17) + (-1 - -1) - -6
2
Evaluate 1 - (-15 + 1 + 21).
-6
Evaluate (-7 + 1 - -13) + -7.
0
-6 - -4 - ((0 - -10) + -6)
-6
What is 5 - (4 - -2) - 4?
-5
What is the value of 6 + 7 + (-23 - -9)?
-1
Evaluate (-1 - 1) + 3 + -1 + -1.
-1
Calculate (0 + -7 - -1) + 3.
-3
What is the value of (-43 - -57) + (0 - 7)?
7
-1 + 13 + -11 - -8
9
Calculate 0 + (-4 - -1 - 3).
-6
What is the value of 2 - -3 - (4 - 1)?
2
Evaluate (1 - 2) + (4 - (0 + 1)).
2
What is 1 - (-4 - -5 - (-2 + -1))?
-3
Evaluate (1 - 2) + 22 + -25.
-4
Evaluate (-1 + 0 - 1) + -1.
-3
1 + -1 + 0 + 14 + -9
5
Evaluate (-1 - 0) + (-12 - (-20 + 3)).
4
Evaluate 14 + -11 + (2 - 0 - 2).
3
3 - -3 - (7 + 2)
-3
What is 8 + -13 + 6 + -2?
-1
Evaluate -2 + 3 + -7 + 2 + 4.
0
Evaluate (-2 - -1 - 2) + 1 + 3.
1
What is the value of 2 + (6 - 13) + 1?
-4
Calculate 6 + 2 - (2 + 3).
3
What is the value of -5 + -1 - (4 - (16 - 7))?
-1
-6 - (-2 + 12 + -4 - 16)
4
What is -1 + 0 + -2 + 3 + -4?
-4
0 - (-2 - (0 - -2) - 1)
5
Evaluate 1 - (0 - -3 - (-3 + 4)).
-1
What is -12 + 2 - (5 - 10) - -7?
2
What is the value of -4 - (-2 - (3 + (-10 - -4)))?
-5
What is the value of -8 - (6 + 0 + -3 - 6)?
-5
2 + -2 + (-16 - -5) + 6
-5
Calculate -4 + 10 + 0 - (0 + 13).
-7
Evaluate -11 - -8 - (-2 + 0).
-1
What is the value of -8 + -2 - (10 - 17)?
-3
What is 2 + -6 + 10 + -2?
4
What is 7 - 3 - (1 - (3 + -5))?
1
Calculate (-4 - -8) + 0 - 6.
-2
What is the value of -2 - (-2 + (-4 - (-2 - 1)))?
1
Evaluate -6 + 10 - 7 - 2.
-5
Calculate 4 + 4 + 0 + -4.
4
What is 12 - (-7 - (6 + -8 + -7))?
10
What is the value of -1 + 5 + -5 + 0?
-1
Calculate (1 - 10) + (-4 - (-3 - 8)).
-2
Evaluate 1 - 4 - -7 - (-2 + 7).
-1
-1 + 4 + (-1 - -4) + -9
-3
8 + -14 + 8 + -10 + 1
-7
10 + (-2 - 3) - 5 - 5
-5
What is the value of (4 - (-3 - -4) - -3) + -5?
1
Evaluate (-7 + 3 - -1) + 2.
-1
Calculate 1 + 2 + (-33 - -30).
0
(3 + -7 - -2) + -1
-3
(-7 - 2) + -1 + 5 - -5
0
What is the value of 5 + -1 + -17 + 14?
1
Calculate -4 - -5 - (5 + -3 - 0).
-1
What is 4 + -9 - (-11 - -2 - -3)?
1
What is the value of 8 - 2 - (-8 + 7)?
7
What is -6 - -15 - 7 - 5?
-3
What is 2 - (3 + -9) - 3?
5
What is (4 - 4) + 1 + -5?
-4
5 - (11 - 3 - (-5 - -3))
-5
What is the value of -1 - (3 + 2 + -1 + 0)?
-5
What is 12 + 0 + -23 + 19 + 0?
8
Evaluate 1 - (2 + 1 + -1 + 2).
-3
0 + 0 + 2 + 1
3
What is 7 - ((0 - -8) + -1)?
0
Evaluate (4 - 1) + (18 - 25).
-4
Calculate -5 + -6 + 10 + -1 + -1.
-3
(13 - 7) + -1 + -12
-7
Evaluate (-1 + -2 - -1) + (4 - 5).
-3
Calculate 0 - 0 - (9 + -8).
-1
Calculate 1 + (-1 - 1) + -3 + -1.
-5
-9 + 5 - (2 + -1) - -2
-3
Calculate -4 - (-4 + (-2 - -2)).
0
What is 7 - (19 + -11) - 7?
-8
Evaluate -41 + 44 + (0 - 0).
3
Calculate 